{"id":724,"date":"2021-04-30T16:00:14","date_gmt":"2021-04-30T15:00:14","guid":{"rendered":"https:\/\/vilte.se\/?page_id=724"},"modified":"2022-01-03T13:58:21","modified_gmt":"2022-01-03T12:58:21","slug":"sprang","status":"publish","type":"page","link":"https:\/\/vilte.se\/?page_id=724","title":{"rendered":"Spr\u00e5ng"},"content":{"rendered":"\n<figure class=\"wp-block-image size-large is-style-twentytwentyone-image-frame\"><a href=\"https:\/\/vilte.se\/wp-content\/uploads\/2021\/04\/Sprang_oms_L.jpg\"><img loading=\"lazy\" decoding=\"async\" width=\"868\" height=\"1024\" src=\"https:\/\/vilte.se\/wp-content\/uploads\/2021\/04\/Sprang_oms_L-868x1024.jpg\" alt=\"\" class=\"wp-image-688\" srcset=\"https:\/\/vilte.se\/wp-content\/uploads\/2021\/04\/Sprang_oms_L-868x1024.jpg 868w, https:\/\/vilte.se\/wp-content\/uploads\/2021\/04\/Sprang_oms_L-254x300.jpg 254w, https:\/\/vilte.se\/wp-content\/uploads\/2021\/04\/Sprang_oms_L-768x906.jpg 768w, https:\/\/vilte.se\/wp-content\/uploads\/2021\/04\/Sprang_oms_L-1302x1536.jpg 1302w, https:\/\/vilte.se\/wp-content\/uploads\/2021\/04\/Sprang_oms_L-1736x2048.jpg 1736w, https:\/\/vilte.se\/wp-content\/uploads\/2021\/04\/Sprang_oms_L-1568x1850.jpg 1568w, https:\/\/vilte.se\/wp-content\/uploads\/2021\/04\/Sprang_oms_L.jpg 1902w\" sizes=\"auto, (max-width: 868px) 100vw, 868px\" \/><\/a><\/figure>\n\n\n\n<p><strong>Sp\u00e5ng<\/strong><br>Sissi Isenberg<br>2021<br>19 x 16 cm<br>Mjukt omslag<br>26 dikter, 7 bilder och tv\u00e5 s\u00e5nger<br>Formgiving: Mia Erlandsson<br>Upplaga 100, signerade og numrerade<br>ISBN 978-91-981473-8-4<\/p>\n\n\n\n<hr class=\"wp-block-separator\"\/>\n\n\n\n<h4 class=\"wp-block-heading\">Sommaren<\/h4>\n\n\n\n<p>Liksom p\u00e5 krumma ben, likt bj\u00f6rken,<br>som v\u00e4xer vid havet,<br>n\u00e5r jag aldrig sommaren hur fort jag \u00e4n springer.<\/p>\n\n\n\n<hr class=\"wp-block-separator\"\/>\n\n\n\n<p>Best\u00e4ll ebok <a rel=\"noreferrer noopener\" href=\"https:\/\/webshop.publit.com\/sv\/webshop\/4659\" target=\"_blank\">h\u00e4r<\/a><br>Pris: 59 kr<\/p>\n\n\n\n<p>Best\u00e4ll tryckt bok <a href=\"mailto:contact@truls.se\" data-type=\"mailto\" data-id=\"mailto:contact@truls.se\">h\u00e4r<\/a><br>Pris: 100 kr + frakt<\/p>\n","protected":false},"excerpt":{"rendered":"<p>Sp\u00e5ngSissi Isenberg202119 x 16 cmMjukt omslag26 dikter, 7 bilder och tv\u00e5 s\u00e5ngerFormgiving: Mia ErlandssonUpplaga 100, signerade og numreradeISBN 978-91-981473-8-4 Sommaren Liksom p\u00e5 krumma ben, likt bj\u00f6rken,som v\u00e4xer vid havet,n\u00e5r jag aldrig sommaren hur fort jag \u00e4n springer. Best\u00e4ll ebok h\u00e4rPris: 59 kr Best\u00e4ll tryckt bok h\u00e4rPris: 100 kr + frakt<\/p>\n","protected":false},"author":1,"featured_media":0,"parent":0,"menu_order":0,"comment_status":"closed","ping_status":"closed","template":"","meta":{"footnotes":""},"class_list":["post-724","page","type-page","status-publish","hentry","entry"],"_links":{"self":[{"href":"https:\/\/vilte.se\/index.php?rest_route=\/wp\/v2\/pages\/724","targetHints":{"allow":["GET"]}}],"collection":[{"href":"https:\/\/vilte.se\/index.php?rest_route=\/wp\/v2\/pages"}],"about":[{"href":"https:\/\/vilte.se\/index.php?rest_route=\/wp\/v2\/types\/page"}],"author":[{"embeddable":true,"href":"https:\/\/vilte.se\/index.php?rest_route=\/wp\/v2\/users\/1"}],"replies":[{"embeddable":true,"href":"https:\/\/vilte.se\/index.php?rest_route=%2Fwp%2Fv2%2Fcomments&post=724"}],"version-history":[{"count":8,"href":"https:\/\/vilte.se\/index.php?rest_route=\/wp\/v2\/pages\/724\/revisions"}],"predecessor-version":[{"id":795,"href":"https:\/\/vilte.se\/index.php?rest_route=\/wp\/v2\/pages\/724\/revisions\/795"}],"wp:attachment":[{"href":"https:\/\/vilte.se\/index.php?rest_route=%2Fwp%2Fv2%2Fmedia&parent=724"}],"curies":[{"name":"wp","href":"https:\/\/api.w.org\/{rel}","templated":true}]}}