{"id":7,"date":"2014-01-07T16:53:38","date_gmt":"2014-01-07T15:53:38","guid":{"rendered":"http:\/\/vilte.se\/?page_id=7"},"modified":"2025-03-11T17:03:29","modified_gmt":"2025-03-11T16:03:29","slug":"etter-far","status":"publish","type":"page","link":"https:\/\/vilte.se\/?page_id=7","title":{"rendered":"ETTER FAR"},"content":{"rendered":"\n<figure class=\"wp-block-image size-large\"><img loading=\"lazy\" decoding=\"async\" width=\"1024\" height=\"932\" src=\"https:\/\/vilte.se\/wp-content\/uploads\/2021\/04\/EtterFar_omslag_L-1024x932.jpg\" alt=\"\" class=\"wp-image-691\" srcset=\"https:\/\/vilte.se\/wp-content\/uploads\/2021\/04\/EtterFar_omslag_L-1024x932.jpg 1024w, https:\/\/vilte.se\/wp-content\/uploads\/2021\/04\/EtterFar_omslag_L-300x273.jpg 300w, https:\/\/vilte.se\/wp-content\/uploads\/2021\/04\/EtterFar_omslag_L-768x699.jpg 768w, https:\/\/vilte.se\/wp-content\/uploads\/2021\/04\/EtterFar_omslag_L-1536x1398.jpg 1536w, https:\/\/vilte.se\/wp-content\/uploads\/2021\/04\/EtterFar_omslag_L-2048x1865.jpg 2048w, https:\/\/vilte.se\/wp-content\/uploads\/2021\/04\/EtterFar_omslag_L-1568x1428.jpg 1568w\" sizes=\"auto, (max-width: 1024px) 100vw, 1024px\" \/><\/figure>\n\n\n\n<p><span style=\"line-height: 1.714285714; font-size: 1rem;\"><\/span><\/p>\n\n\n\n<p><strong>ETTER FAR<\/strong><br>2014<br>20 x 20 cm<br>Hardt omslag<br>108 sider<br>26 tekster (norsk) og 44 fotografier av Truls Nord<br>Musikk av Svenska Kaputt, 33 minuter <br>(cd &amp; lenke til digital version vedlagt i boken)<br>Formgiving: Mia Erlandsson<br>Opplag 350 nummererte eksemplarer<br>ISBN 978-91-981473-0-8<\/p>\n\n\n\n<hr class=\"wp-block-separator has-css-opacity\"\/>\n\n\n\n<p>Tekstene er bruddstykker fra en fiktiv monolog fra en far til sin s\u00f8nn, 30 \u00e5r etter farens skilsmisse fra s\u00f8nnens mor.<\/p>\n\n\n\n<p>Bildene er fotograferte med to belgkameraer:<br>Beier Beirax Junior &amp;&nbsp;Kodak Eastman, Folding Cartridge Hawk-Eye No. 2A Model B.<\/p>\n\n\n\n<p>Svenska kaputt improviserte musikkstykket i Moserobie studio, Stockholm 2013 til et billedspill av bokens bilder.<\/p>\n\n\n\n<p>Jonas Kullhammar, saxofon &amp; fl\u00f8yte<br>Reine Fiske, gitar &amp; mellotron<br>Torbj\u00f6rn Zetterberg, bass<br>Johan Holmegard, trummer<em>&nbsp;<\/em><\/p>\n\n\n\n<p><strong>Teaser from the soundtrack<\/strong><\/p>\n\n\n\n<figure class=\"wp-block-audio\"><audio controls src=\"http:\/\/vilte.se\/wp-content\/uploads\/2014\/01\/EtterFar.m4a\"><\/audio><\/figure>\n\n\n\n<hr class=\"wp-block-separator has-css-opacity\"\/>\n\n\n\n<figure class=\"wp-block-gallery has-nested-images columns-default is-cropped wp-block-gallery-1 is-layout-flex wp-block-gallery-is-layout-flex\">\n<figure class=\"wp-block-image size-large\"><a href=\"https:\/\/vilte.se\/wp-content\/uploads\/2013\/11\/13_66_08.jpg\"><img loading=\"lazy\" decoding=\"async\" width=\"1000\" height=\"531\" data-id=\"36\" src=\"https:\/\/vilte.se\/wp-content\/uploads\/2013\/11\/13_66_08.jpg\" alt=\"\" class=\"wp-image-36\" srcset=\"https:\/\/vilte.se\/wp-content\/uploads\/2013\/11\/13_66_08.jpg 1000w, https:\/\/vilte.se\/wp-content\/uploads\/2013\/11\/13_66_08-300x159.jpg 300w, https:\/\/vilte.se\/wp-content\/uploads\/2013\/11\/13_66_08-624x331.jpg 624w\" sizes=\"auto, (max-width: 1000px) 100vw, 1000px\" \/><\/a><\/figure>\n\n\n\n<figure class=\"wp-block-image size-large\"><a href=\"https:\/\/vilte.se\/wp-content\/uploads\/2013\/11\/15_32_09.jpg\"><img loading=\"lazy\" decoding=\"async\" width=\"1000\" height=\"671\" data-id=\"43\" src=\"https:\/\/vilte.se\/wp-content\/uploads\/2013\/11\/15_32_09.jpg\" alt=\"\" class=\"wp-image-43\" srcset=\"https:\/\/vilte.se\/wp-content\/uploads\/2013\/11\/15_32_09.jpg 1000w, https:\/\/vilte.se\/wp-content\/uploads\/2013\/11\/15_32_09-300x201.jpg 300w, https:\/\/vilte.se\/wp-content\/uploads\/2013\/11\/15_32_09-624x418.jpg 624w\" sizes=\"auto, (max-width: 1000px) 100vw, 1000px\" \/><\/a><\/figure>\n\n\n\n<figure class=\"wp-block-image size-large\"><a href=\"https:\/\/vilte.se\/wp-content\/uploads\/2013\/11\/EF_40_41.jpg\"><img loading=\"lazy\" decoding=\"async\" width=\"1024\" height=\"465\" data-id=\"53\" src=\"https:\/\/vilte.se\/wp-content\/uploads\/2013\/11\/EF_40_41-1024x465.jpg\" alt=\"\" class=\"wp-image-53\" srcset=\"https:\/\/vilte.se\/wp-content\/uploads\/2013\/11\/EF_40_41-1024x465.jpg 1024w, https:\/\/vilte.se\/wp-content\/uploads\/2013\/11\/EF_40_41-300x136.jpg 300w, https:\/\/vilte.se\/wp-content\/uploads\/2013\/11\/EF_40_41-624x283.jpg 624w, https:\/\/vilte.se\/wp-content\/uploads\/2013\/11\/EF_40_41.jpg 1200w\" sizes=\"auto, (max-width: 1024px) 100vw, 1024px\" \/><\/a><\/figure>\n\n\n\n<figure class=\"wp-block-image size-large\"><a href=\"https:\/\/vilte.se\/wp-content\/uploads\/2013\/11\/14_100_08.jpg\"><img loading=\"lazy\" decoding=\"async\" width=\"1000\" height=\"671\" data-id=\"41\" src=\"https:\/\/vilte.se\/wp-content\/uploads\/2013\/11\/14_100_08.jpg\" alt=\"\" class=\"wp-image-41\" srcset=\"https:\/\/vilte.se\/wp-content\/uploads\/2013\/11\/14_100_08.jpg 1000w, https:\/\/vilte.se\/wp-content\/uploads\/2013\/11\/14_100_08-300x201.jpg 300w, https:\/\/vilte.se\/wp-content\/uploads\/2013\/11\/14_100_08-624x418.jpg 624w\" sizes=\"auto, (max-width: 1000px) 100vw, 1000px\" \/><\/a><\/figure>\n\n\n\n<figure class=\"wp-block-image size-large\"><a href=\"https:\/\/vilte.se\/wp-content\/uploads\/2013\/11\/13_60_00.jpg\"><img loading=\"lazy\" decoding=\"async\" width=\"999\" height=\"619\" data-id=\"14\" src=\"https:\/\/vilte.se\/wp-content\/uploads\/2013\/11\/13_60_00.jpg\" alt=\"\" class=\"wp-image-14\" srcset=\"https:\/\/vilte.se\/wp-content\/uploads\/2013\/11\/13_60_00.jpg 999w, https:\/\/vilte.se\/wp-content\/uploads\/2013\/11\/13_60_00-300x185.jpg 300w, https:\/\/vilte.se\/wp-content\/uploads\/2013\/11\/13_60_00-624x386.jpg 624w\" sizes=\"auto, (max-width: 999px) 100vw, 999px\" \/><\/a><\/figure>\n<\/figure>\n\n\n\n<hr class=\"wp-block-separator has-css-opacity\"\/>\n\n\n\n<p>Best\u00e4ll ebok <a href=\"https:\/\/webshop.publit.com\/sv\/webshop\/vilte_4659\" target=\"_blank\" rel=\"noreferrer noopener\">h\u00e4r<\/a><br>Pris: 100 kr<\/p>\n\n\n\n<p>Best\u00e4ll tryckt bok <a href=\"mailto:contact@truls.se\" data-type=\"mailto\" data-id=\"mailto:contact@truls.se\">h\u00e4r<\/a><br>Pris: 150 kr + frakt<\/p>\n","protected":false},"excerpt":{"rendered":"<p>ETTER FAR201420 x 20 cmHardt omslag108 sider26 tekster (norsk) og 44 fotografier av Truls NordMusikk av Svenska Kaputt, 33 minuter (cd &amp; lenke til digital version vedlagt i boken)Formgiving: Mia ErlandssonOpplag 350 nummererte eksemplarerISBN 978-91-981473-0-8 Tekstene er bruddstykker fra en fiktiv monolog fra en far til sin s\u00f8nn, 30 \u00e5r etter farens skilsmisse fra s\u00f8nnens&hellip; <a class=\"more-link\" href=\"https:\/\/vilte.se\/?page_id=7\">Continue reading <span class=\"screen-reader-text\">ETTER FAR<\/span><\/a><\/p>\n","protected":false},"author":1,"featured_media":0,"parent":0,"menu_order":0,"comment_status":"closed","ping_status":"closed","template":"","meta":{"footnotes":""},"class_list":["post-7","page","type-page","status-publish","hentry","entry"],"_links":{"self":[{"href":"https:\/\/vilte.se\/index.php?rest_route=\/wp\/v2\/pages\/7","targetHints":{"allow":["GET"]}}],"collection":[{"href":"https:\/\/vilte.se\/index.php?rest_route=\/wp\/v2\/pages"}],"about":[{"href":"https:\/\/vilte.se\/index.php?rest_route=\/wp\/v2\/types\/page"}],"author":[{"embeddable":true,"href":"https:\/\/vilte.se\/index.php?rest_route=\/wp\/v2\/users\/1"}],"replies":[{"embeddable":true,"href":"https:\/\/vilte.se\/index.php?rest_route=%2Fwp%2Fv2%2Fcomments&post=7"}],"version-history":[{"count":123,"href":"https:\/\/vilte.se\/index.php?rest_route=\/wp\/v2\/pages\/7\/revisions"}],"predecessor-version":[{"id":804,"href":"https:\/\/vilte.se\/index.php?rest_route=\/wp\/v2\/pages\/7\/revisions\/804"}],"wp:attachment":[{"href":"https:\/\/vilte.se\/index.php?rest_route=%2Fwp%2Fv2%2Fmedia&parent=7"}],"curies":[{"name":"wp","href":"https:\/\/api.w.org\/{rel}","templated":true}]}}